 -10))).
12
What is the value of (-17 - -27) + 4 + -4?
10
What is (751 - 744) + 33 + (-1 - 2)?
37
Calculate 30 - (29 + -7 + 17).
-9
Evaluate -4 - 0 - (20 - 15 - 2).
-7
7 - -2 - (19 + (-26 - -15))
1
Evaluate -26 + 0 + (898 - 837).
35
What is (0 - 2) + 307 + -303 - 4?
-2
(6 - -2) + -101 + 116
23
What is 0 - -1 - (-1 - (3 + (-1 - -3)))?
7
Calculate (4 - (-7 + 12)) + -74 + 84.
9
Calculate 39 + -8 - (22 + -52 + 47).
14
What is the value of 8 + 13 + -17 - 0?
4
0 - (-1 + -3 - (-9 + 18 - 16))
-3
What is 17 - (36 - 31) - (-1 + -13)?
26
Calculate (-1 + 10 - 1) + (-63 + 5 - -30).
-20
Calculate 6 - ((-13 - -22) + -23 - -24).
-4
Calculate (-22 - -12 - -1) + (-6 - -19).
4
What is -16 + 11 + -2 + -2 - 16?
-25
Calculate -2 + 5 + (5 - (1 + -7 - -2)).
12
Evaluate (14 + -19 + 1 - -20) + 13.
29
-6 + (14 - (-4 + (-6 - -16)))
2
(6 - (-34 + 38)) + (6 - 0)
8
Calculate 6 + (-5 + (-7 - -19) - -1) - 6.
8
Calculate -8 - (8 + -7 + -1) - -9.
1
What is the value of 14 + 0 + (-39 - (71 + -123))?
27
What is the value of -16 + 0 + (-13 - -13)?
-16
What is the value of -5 + 2 + -1 + 0 + (47 - 53)?
-10
What is the value of 10 + (6 - 19 - -14)?
11
-11 + -4 + 2 + (99 - 80)
6
Evaluate (3 - -1) + -6 + 0 + 4 + -23.
-21
Evaluate -3 + -7 - 2 - -7 - (-2 + 10).
-13
Evaluate (-3 - 4) + (-14 - -46) + (0 - 2).
23
What is -1 + 18 + -31 - -19?
5
What is the value of -15 + 5 - (15 + (-11 - 7))?
-7
Evaluate -1 + 10 + 1 - (16 - 24).
18
Evaluate 1 + 0 + 9 + -1 + -1.
8
5 + -5 + 45 + -31
14
-1 - (7 + 2 + -3 + (-22 - -17))
-2
(16 - -3) + -2 - 30
-13
-2 + -4 + (1 - -1) + 13 + 1
10
4 + 2 - ((-3 - 1) + 0) - 5
5
Calculate 0 + -20 + (35 - 25).
-10
What is the value of (-19 - -4) + 25 + -6?
4
(-8 - (14 + -10)) + 16 - (14 - 0)
-10
Calculate 1 - 1 - (-1 + -7 + 0).
8
Calculate 4 + 10 + -10 - (-6 + -3 - -1).
12
Evaluate (-4 - -2) + (-1 - 2) + (16 - 25).
-14
0 + 2 - (5 - 6) - 8
-5
4 + (-17 - 26) - -25
-14
Calculate -20 - -15 - (-2 + 7).
-10
What is 5 + (12 + -4 - 8) + -14 + 6?
-3
Evaluate (-17 - -1) + (13 - 6 - -9).
0
Evaluate (-8 - 11) + -16 + 31.
-4
What is the value of -7 + -3 + 8 + 9?
7
Calculate 16 - (9 - -2) - -8.
13
Calculate -3 + 1 + -2 + (17 - -3).
16
Evaluate (-2 - 2) + -17 + -3.
-24
2 + 4 + 1 - (-71 + 82)
-4
Evaluate -16 + (4 - 7) + (-4 - (10 - 8)).
-25
What is -1 - 11 - (33 - 37)?
-8
What is the value of -12 + 9 + (-8 + -1 + 41 - -7)?
36
What is the value of 12 + -8 + -9 - (-10 + -1)?
6
8 - (-11 - (-11 - 21))
-13
Evaluate -6 - ((-7 - 8) + 3 - 17).
23
Calculate 3 + 3 - ((3 - -4) + 8) - -6.
-3
Evaluate (-34 - -53) + -16 - 2.
1
Calculate 4 + (0 - (-11 - 2) - (32 + -26)).
11
Evaluate -5 - (5 - (6 + 10)).
6
Evaluate -5 + 3 + 15 + -47 + 14.
-20
What is (4 - (-27 - -28)) + (-6 - (1 + 0))?
-4
Evaluate -5 - ((14 - 18) + (-13 - 1)) - -3.
16
314 + -319 - (3 - 0)
-8
What is (21 - -3 - 56) + 26?
-6
What is -11 + 9 + 4 + -6?
-4
Evaluate (-14 - 1) + (14 - 3).
-4
What is -6 + 11 + (9 - (5 - -5 - 5))?
9
Evaluate (18 - 33) + 13 - -13.
11
-6 + (0 - (19 + -12))
-13
What is the value of -2 - (-14 - 1) - (7 - (3 - -2))?
11
What is the value of 4 + 4 + 5 + (-10 - -6)?
9
(52 - 45) + -2 + -5
0
Calculate -23 - (-6 - 8 - -7).
-16
(-2 - -5) + (0 - 9) + (-25 - -18)
-13
What is the value of (478 - 488) + (1 - 0) + 14?
5
Evaluate (3 - 8) + -2 - (-21 + 2).
12
What is 11 - (-26 + 7 + (8 - 8))?
30
-4 - (3 + ((4 - 7) + -1 - 4))
1
What is the value of 12 - (9 - (-6 + 24 + 6))?
27
3 + 6 - 5 - 2 - (-2 - -2)
2
-21 - (2 - 21 - -17)
-19
What is the value of 3 + (-3 - -26 - 47 - (-13 + 1))?
-9
What is the value of 4 + -8 - (136 - 143)?
3
Evaluate (-1 - -9) + (190 - 193).
5
What is the value of 3 + -5 + (-13 - -18) + 9 - -1?
13
Calculate 0 + -10 - (-1 - -2).
-11
What is the value of -4 - -4 - -4 - (5 - (-8 + 6))?
-3
-7 + (4 + -1 + -8 - (16 - 24))
-4
Calculate -19 + (18 - (16 - 4)).
-13
What is -11 - ((-28 - -31) + -18)?
4
What is 1 + (17 - 1) - (-56 + 32 + 19)?
22
Calculate 5 + 1 + -4 - (9 - (5 + -2)).
-4
Evaluate 5 - (8 + (5 - 0)).
-8
Calculate 20 + (-24 - -8) - (3 + 18 + 1).
-18
(0 - -1) + (105 - 116)
-10
Evaluate -53 + 36 + (8 - (1 + -1)).
-9
What is 9 - (27 - (3 + 11 + -8))?
-12
(-22 - -1) + -5 + 13 + 1 + 2
-10
What is the value of 1 + 22 - (-144 + 145)?
22
What is (-9 - -19) + -2 - 8?
0
9 + (34 - 19 - 6)
18
Calculate (-18 + (43 - 12) - 20) + 0 + -16.
-23
What is 1 - (-10 - (7 + -10 - -4))?
12
-25 - ((0 - -5) + (-45 - -36))
-21
What is the value of -7 + 4 + (-12 - -27)?
12
What is the value of -5 + -1 - 1 - (-257 - -257)?
-7
16 - ((-1 - (-7 - (-3 - -2))) + 1)
10
Evaluate ((4 - (7 - 4)) + 1 - 2) + -4.
-4
What is 3 + 12 - (4 + (1 + 0 - 2))?
12
Evaluate -9 + (9 - (-6 - (-7 - (-9 + 4)))).
4
Evaluate 4 + (3 - 4 - -2 - 1).
4
What is 0 + -9 + 11 + -16?
-14
What is (-5 + -3 - -2 - -11) + (-3 - 8)?
-6
-43 + -4 + 48 + 0 + (1 - 17)
-15
(6 - (1 - (6 + -4))) + (-16 - 7)
-16
Calculate (29 - 35 - (-1 - -30)) + -1 + 0.
-36
What is the value of -23 + 24 - 18 - -1?
-16
What is 2 + -13 + 4 + 3?
-4
Evaluate (33 - -37 - 36) + -35.
-1
Evaluate 20 + -12 + 15 + -13.
10
Evaluate (3 - 21) + 26 + -14 + -11 + 0.
-17
(1 - 21) + 17 + 44 + -11
30
Evaluate 86 - (104 + -56) - (13 - -1).
24
What is (-6 + 1 - -7) + -11 - (4 - -18)?
-31
What is (226 - 233) + 1 + 3 + 1 + 4?
2
Calculate (11 - 12) + (3 - (2 + (-1 - 5))).
6
Calculate -17 + 25 + -9 + 1 + -2.
-2
What is the value of (-11 - -14 - 4) + (-2 - 5) + -8?
-16
What is 8 - (5 + -11 + 17 - 20)?
17
Evaluate (-13 + 6 - 1) + (2 - (-1 - -1)).
-6
What is the value of 0 + (-1 - (-11 - (-4 + 3)))?
9
Evaluate -4 - 8 - -5 - (-14 + 3 + 13).
-9
Evaluate (5 - (17 + -1)) + (-15 - -10).
-16
21 - (30 - 18 - -11)
-2
Calculate (-10 - 0) + 2 - (-152 - -151).
-7
Evaluate 1 + -2 + -2 + -2 + (-75 - -75).
-5
Calculate -2 + 3 + 10 + -36 + 21.
-4
Calculate -6 + 7 - (-2 + 6 + -5 + -9).
11
Evaluate 5 + 0 + -16 + 3.
-8
What is the value of -69 + 99 - (42 - -4)?
-16
Calculate -5 - (-7 + (-15 - 4) + 9 + -2).
14
What is -31 + 20 - (1 + -1 + 2 + 5)?
-18
What is -27 - (-8 - -6) - (18 + -29)?
-14
Calculate (4 - (4 + (-7 - -5))) + (-3 - 2).
-3
Calculate -10 + -46 + 14 + 31.
-11
Evaluate (-16 - (30 - 23)) + 40.
17
Evaluate (-4 - 9) + (26 - 20).
-7
Evaluate 1 + -4 - (-17 + -7 + 14).
7
What is the value of -15 - (2 + -7 - (-3 - -3))?
-10
Evaluate 10 + -3 - 6 - 1.
0
0 - (-16 + 1) - (-53 + 59)
9
Evaluate (0 - -4) + -6 + -2.
-4
What is the value of 18 + (-19 + 5 - -9) - 6?
7
What is 4 - ((3 - 14) + (6 - 7))?
16
Calculate 6 - 3 - (-1 + 3 + 12).
-11
Evaluate (-40 - -3) + (98 - 81).
-20
Evaluate 65 + (-100 - -20) + -2 + (-4 - -2).
-19
Evaluate 4 - (-1 + -2 - (0 - (6 + -5))).
6
-10 + (-11 - -2) + 21 + -18
-16
Evaluate (-1 - -33) + -37 + (-2 - -1) - 7.
-13
-14 + 33 + -21 - 21
-23
-26 + (36 - (12 + 1))
-3
0 + -4 + -2 - (15 + (57 - 61))
-17
Calculate ((-9 - -8) + 6 - 3) + -1.
1
-13 + (-359 - -373) + (-15 - -1)
-13
What is (29 - (5 - -18)) + -7?
-1
What is -4 + -12 + 4 + 4 - (-1 + 8)?
-15
Calculate -13 + 21 + (2 - (4 + 0)).
6
What is the value of 8 - 1 - (4 + 2) - (0 - -3)?
-2
0 - -23 - (-62 - -71)
14
(6 - -3) + (-208 - -205) - (0 - -23)
-17
What is the value of 12 + 1 + (-65 - -27) + 38?
13
Evaluate -9 + 1 - (27 + -8 + -21).
-6
What is -9 - (-13 + -7 + 4) - -4?
11
Evaluate (2 + 19 - 17) + (2 - 8).
-2
9 - -3 - (-1 + -2 + 5)
10
What is 13 - 10 - 4 - 8 - -3?
-6
Calculate (-15 - -19 - -3) + -29.
-22
What is the value of -50 - ((-41 - -22) + 5)?
-36
Calculate -1 + -16 - (-25 + 3 + 29).
-24
What is 9 + 2 + (-18 - -7) - 15?
-15
Evaluate -2 + 15 + (3 - (3 + 6)).
7
Evaluate -1 - (0 + 4) - (-6 + (2 - -6)).
-7
What is ((20 - 11) + -21 - -18) + 1 + -22?
-15
What is the value of -6 + (-26 - -25) - (5 + 0)?
-12
Evaluate (-24 - -43) + (4 + -3 - 3 - 7).
10
What is (1 - 12) + (-32 + 32 - -10)?
-1
Evaluate 2 - (3 - (-4 - (1 + 0))) - -10.
4
Calculate -9 - ((-5 + -4 - -19) + (-2 - 1)).
-16
Calculate 20 - -4 - (31 - 41 - (-13 - -2)).
23
Calculate 0 - ((22 - 25) + 0 + 1) - 1.
1
What is the value of -15 + 54 + -36 + (-1 - -13)?
15
What is (27 - (-66 + 95)) + 20 + -4 + 2?
16
Calculate (-7 + -14 - (0 - 5)) + 9.
-7
(89 - 76) + (1 - 12)
2
5 + (18 + -9 - 5) + -20
-11
Evaluate -1 + 9 - (-314 + 319).
3
What is the value of 5 + -12 + (-2 - -18) + 0 + -2?
7
What is the value of 81 - 59 - (13 + 30)?
-21
What is 13 + 6 + -11 + -11?
-3
Calculate -15 + (6 - -4) + 8 + -4.
-1
Calculate 0 - 0 - (256 